{"id":1483,"date":"2016-04-12T10:45:59","date_gmt":"2016-04-12T09:45:59","guid":{"rendered":"http:\/\/www.lineaclave.org\/web\/?page_id=1483"},"modified":"2026-01-22T11:31:12","modified_gmt":"2026-01-22T10:31:12","slug":"trabajos","status":"publish","type":"page","link":"http:\/\/www.lineaclave.org\/web\/trabajos\/","title":{"rendered":"Trabajos"},"content":{"rendered":"<h1>Ibiza<img loading=\"lazy\" decoding=\"async\" class=\"wp-image-1853 aligncenter\" src=\"http:\/\/www.lineaclave.org\/web\/wp-content\/uploads\/2016\/04\/166-1600x1600.jpg\" alt=\"\" width=\"758\" height=\"758\" srcset=\"http:\/\/www.lineaclave.org\/web\/wp-content\/uploads\/2016\/04\/166-1600x1600.jpg 1600w, http:\/\/www.lineaclave.org\/web\/wp-content\/uploads\/2016\/04\/166-150x150.jpg 150w, http:\/\/www.lineaclave.org\/web\/wp-content\/uploads\/2016\/04\/166-300x300.jpg 300w, http:\/\/www.lineaclave.org\/web\/wp-content\/uploads\/2016\/04\/166.jpg 2048w\" sizes=\"auto, (max-width: 758px) 100vw, 758px\" \/><\/h1>\n<p><strong>Fecha del trabajo:<\/strong><\/p>\n<p>Febrero de 2016<\/p>\n<p><strong>Descripci\u00f3n:<\/strong><\/p>\n<p>El trabajo es un dise\u00f1o integral de 7Ha de l\u00ednea clave m\u00e1s captaci\u00f3n de agua por medio de caminos con poca pendiente para redirigirla hacia las presas proyectadas. En las fotos se pueden apreciar la construcci\u00f3n de una de las presas y una captura del dise\u00f1o maestro.<\/p>\n<p><strong>\r\n    <div id=\"amazingslider-wrapper-26\" style=\"display:block;position:relative;max-width:1024px;margin:0px auto 48px;\">\r\n        <div id=\"amazingslider-26\" style=\"display:block;position:relative;margin:0 auto;\">\r\n            <ul class=\"amazingslider-slides\" style=\"display:none;\">\r\n                <li><img decoding=\"async\" src=\"http:\/\/www.lineaclave.org\/web\/wp-content\/uploads\/amazingslider\/26\/images\/154.PNG\" alt=\"Dise\u00f1o\"  title=\"Dise\u00f1o\" \/>\r\n                <\/li>\r\n                <li><img decoding=\"async\" src=\"http:\/\/www.lineaclave.org\/web\/wp-content\/uploads\/amazingslider\/26\/images\/147.JPG\" alt=\"Marcaci\u00f3n keyline\"  title=\"Marcaci\u00f3n keyline\" \/>\r\n                <\/li>\r\n                <li><img decoding=\"async\" src=\"http:\/\/www.lineaclave.org\/web\/wp-content\/uploads\/amazingslider\/26\/images\/217.JPG\" alt=\"Comenzando el muro de la Presa\"  title=\"Comenzando el muro de la Presa\" \/>\r\n                <\/li>\r\n                <li><img decoding=\"async\" src=\"http:\/\/www.lineaclave.org\/web\/wp-content\/uploads\/amazingslider\/26\/images\/220.JPG\" alt=\"Comenzando el muro de la Presa\"  title=\"Comenzando el muro de la Presa\" \/>\r\n                <\/li>\r\n                <li><img decoding=\"async\" src=\"http:\/\/www.lineaclave.org\/web\/wp-content\/uploads\/amazingslider\/26\/images\/222.JPG\" alt=\"Comenzando el muro de la Presa\"  title=\"Comenzando el muro de la Presa\" \/>\r\n                <\/li>\r\n                <li><img decoding=\"async\" src=\"http:\/\/www.lineaclave.org\/web\/wp-content\/uploads\/amazingslider\/26\/images\/227.JPG\" alt=\"Comenzando el muro de la Presa\"  title=\"Comenzando el muro de la Presa\" \/>\r\n                <\/li>\r\n                <li><img decoding=\"async\" src=\"http:\/\/www.lineaclave.org\/web\/wp-content\/uploads\/amazingslider\/26\/images\/243.JPG\" alt=\"Comenzando el muro de la Presa\"  title=\"Comenzando el muro de la Presa\" \/>\r\n                <\/li>\r\n                <li><img decoding=\"async\" src=\"http:\/\/www.lineaclave.org\/web\/wp-content\/uploads\/amazingslider\/26\/images\/245.JPG\" alt=\"Comenzando el muro de la Presa\"  title=\"Comenzando el muro de la Presa\" \/>\r\n                <\/li>\r\n                <li><img decoding=\"async\" src=\"http:\/\/www.lineaclave.org\/web\/wp-content\/uploads\/amazingslider\/26\/images\/246.JPG\" alt=\"Realizando la Presa\"  title=\"Realizando la Presa\" \/>\r\n                <\/li>\r\n                <li><img decoding=\"async\" src=\"http:\/\/www.lineaclave.org\/web\/wp-content\/uploads\/amazingslider\/26\/images\/251.JPG\" alt=\"Realizando la Presa\"  title=\"Realizando la Presa\" \/>\r\n                <\/li>\r\n                <li><img decoding=\"async\" src=\"http:\/\/www.lineaclave.org\/web\/wp-content\/uploads\/amazingslider\/26\/images\/253.JPG\" alt=\"Realizando la Presa\"  title=\"Realizando la Presa\" \/>\r\n                <\/li>\r\n                <li><img decoding=\"async\" src=\"http:\/\/www.lineaclave.org\/web\/wp-content\/uploads\/amazingslider\/26\/images\/256.JPG\" alt=\"Realizando la Presa256\"  title=\"Realizando la Presa256\" \/>\r\n                <\/li>\r\n                <li><img decoding=\"async\" src=\"http:\/\/www.lineaclave.org\/web\/wp-content\/uploads\/amazingslider\/26\/images\/258.JPG\" alt=\"Realizando la Presa\"  title=\"Realizando la Presa\" \/>\r\n                <\/li>\r\n                <li><img decoding=\"async\" src=\"http:\/\/www.lineaclave.org\/web\/wp-content\/uploads\/amazingslider\/26\/images\/264.JPG\" alt=\"Maquinaria\"  title=\"Maquinaria\" \/>\r\n                <\/li>\r\n                <li><img decoding=\"async\" src=\"http:\/\/www.lineaclave.org\/web\/wp-content\/uploads\/amazingslider\/26\/images\/267.JPG\" alt=\"Realizando la Presa\"  title=\"Realizando la Presa\" \/>\r\n                <\/li>\r\n                <li><img decoding=\"async\" src=\"http:\/\/www.lineaclave.org\/web\/wp-content\/uploads\/amazingslider\/26\/images\/268.JPG\" alt=\"Realizando la Presa\"  title=\"Realizando la Presa\" \/>\r\n                <\/li>\r\n                <li><img decoding=\"async\" src=\"http:\/\/www.lineaclave.org\/web\/wp-content\/uploads\/amazingslider\/26\/images\/269.JPG\" alt=\"Realizando la Presa\"  title=\"Realizando la Presa\" \/>\r\n                <\/li>\r\n                <li><img decoding=\"async\" src=\"http:\/\/www.lineaclave.org\/web\/wp-content\/uploads\/amazingslider\/26\/images\/270.JPG\" alt=\"Realizando la Presa\"  title=\"Realizando la Presa\" \/>\r\n                <\/li>\r\n                <li><img decoding=\"async\" src=\"http:\/\/www.lineaclave.org\/web\/wp-content\/uploads\/amazingslider\/26\/images\/272.JPG\" alt=\"Realizando la Presa\"  title=\"Realizando la Presa\" \/>\r\n                <\/li>\r\n                <li><img decoding=\"async\" src=\"http:\/\/www.lineaclave.org\/web\/wp-content\/uploads\/amazingslider\/26\/images\/273.JPG\" alt=\"Realizando la Presa\"  title=\"Realizando la Presa\" \/>\r\n                <\/li>\r\n                <li><img decoding=\"async\" src=\"http:\/\/www.lineaclave.org\/web\/wp-content\/uploads\/amazingslider\/26\/images\/281.JPG\" alt=\"Realizando la Presa\"  title=\"Realizando la Presa\" \/>\r\n                <\/li>\r\n                <li><img decoding=\"async\" src=\"http:\/\/www.lineaclave.org\/web\/wp-content\/uploads\/amazingslider\/26\/images\/287.JPG\" alt=\"287Realizando la Presa\"  title=\"287Realizando la Presa\" \/>\r\n                <\/li>\r\n                <li><img decoding=\"async\" src=\"http:\/\/www.lineaclave.org\/web\/wp-content\/uploads\/amazingslider\/26\/images\/295.JPG\" alt=\"Realizando la Presa\"  title=\"Realizando la Presa\" \/>\r\n                <\/li>\r\n                <li><img decoding=\"async\" src=\"http:\/\/www.lineaclave.org\/web\/wp-content\/uploads\/amazingslider\/26\/images\/297.JPG\" alt=\"Realizando la Presa\"  title=\"Realizando la Presa\" \/>\r\n                <\/li>\r\n                <li><img decoding=\"async\" src=\"http:\/\/www.lineaclave.org\/web\/wp-content\/uploads\/amazingslider\/26\/images\/febrero%2016%20110.JPG\" alt=\"Realizando la Presa\"  title=\"Realizando la Presa\" \/>\r\n                <\/li>\r\n                <li><img decoding=\"async\" src=\"http:\/\/www.lineaclave.org\/web\/wp-content\/uploads\/amazingslider\/26\/images\/febrero%2016%20114.JPG\" alt=\"Realizando la Presa\"  title=\"Realizando la Presa\" \/>\r\n                <\/li>\r\n                <li><img decoding=\"async\" src=\"http:\/\/www.lineaclave.org\/web\/wp-content\/uploads\/amazingslider\/26\/images\/febrero%2016%20130.JPG\" alt=\"Realizando la Presa\"  title=\"Realizando la Presa\" \/>\r\n                <\/li>\r\n                <li><img decoding=\"async\" src=\"http:\/\/www.lineaclave.org\/web\/wp-content\/uploads\/amazingslider\/26\/images\/febrero%2016%20080.JPG\" alt=\"Realizando la Presa\"  title=\"Realizando la Presa\" \/>\r\n                <\/li>\r\n                <li><img decoding=\"async\" src=\"http:\/\/www.lineaclave.org\/web\/wp-content\/uploads\/amazingslider\/26\/images\/Ibiza2017%20%281%29.jpg\" alt=\"Presa LLena Junio 2017 !!\"  title=\"Presa LLena Junio 2017 !!\" \/>\r\n                <\/li>\r\n                <li><img decoding=\"async\" src=\"http:\/\/www.lineaclave.org\/web\/wp-content\/uploads\/amazingslider\/26\/images\/Ibiza2017%20%282%29.jpg\" alt=\"Presa LLena Junio 2017 !!\"  title=\"Presa LLena Junio 2017 !!\" \/>\r\n                <\/li>\r\n                <li><img decoding=\"async\" src=\"http:\/\/www.lineaclave.org\/web\/wp-content\/uploads\/amazingslider\/26\/images\/Ibiza2017%20%283%29.jpg\" alt=\"Presa LLena Junio 2017 !!\"  title=\"Presa LLena Junio 2017 !!\" \/>\r\n                <\/li>\r\n                <li><img decoding=\"async\" src=\"http:\/\/www.lineaclave.org\/web\/wp-content\/uploads\/amazingslider\/26\/images\/Ibiza2017%20%284%29.jpg\" alt=\"Presa LLena Junio 2017 !!\"  title=\"Presa LLena Junio 2017 !!\" \/>\r\n                <\/li>\r\n            <\/ul>\r\n        <\/div>\r\n    <\/div>\r\n    <link rel=\"stylesheet\" type=\"text\/css\" href=\"http:\/\/www.lineaclave.org\/web\/wp-content\/uploads\/amazingslider\/26\/sliderengine\/amazingslider.css\">\n<script src=\"http:\/\/www.lineaclave.org\/web\/wp-content\/uploads\/amazingslider\/26\/sliderengine\/initslider.js\"><\/script>\n<\/strong><\/p>\n<h1>Portugal. Herdade do Freixo do Meio<\/h1>\n<p><strong>Fecha:<\/strong> Agosto 2015<\/p>\n<p>El proyecto m\u00e1s ambicioso de l\u00ednea clave en Europa. Parcela de 120Has dedicada a pasto por esa fecha, ser\u00e1 un sistema dise\u00f1ado agrosilvopastoril usando los conceptos de dise\u00f1o hidrol\u00f3gico de la l\u00ednea clave como base.<\/p>\n<ul>\n<li>Plantaci\u00f3n mixta con un nuevo concepto de montado\/dehesa en la que se incluyen tres alturas de \u00e1rboles y un sistema de tres estratos donde cumple uns funcion clim\u00e1tica y de protecci\u00f3n sistema adem\u00e1s de proporcionarnos en sus primeros estadios mucha biomasa para comenzar.<img loading=\"lazy\" decoding=\"async\" class=\"aligncenter size-full wp-image-1670\" src=\"http:\/\/www.lineaclave.org\/web\/wp-content\/uploads\/2016\/04\/perfil.jpg\" alt=\"perfil\" width=\"1691\" height=\"984\" srcset=\"http:\/\/www.lineaclave.org\/web\/wp-content\/uploads\/2016\/04\/perfil.jpg 1691w, http:\/\/www.lineaclave.org\/web\/wp-content\/uploads\/2016\/04\/perfil-300x175.jpg 300w, http:\/\/www.lineaclave.org\/web\/wp-content\/uploads\/2016\/04\/perfil-1600x931.jpg 1600w\" sizes=\"auto, (max-width: 1691px) 100vw, 1691px\" \/><\/li>\n<li>Caminos creados en la zonas altas de la ladera para evitar su erosi\u00f3n,<\/li>\n<li>11 Presas de tierra para mantener un ecosistema vivo, con espacios \u00fanico y\u00a0 agradables de visitary poder regar a toda la superficie con dep\u00f3sitos en las cimas m\u00e1s elevadas.<\/li>\n<\/ul>\n<p><iframe loading=\"lazy\" title=\"Novo montado sobre Herdade do Freixo Do Meio\" width=\"1170\" height=\"658\" src=\"https:\/\/www.youtube.com\/embed\/PdkIgo8soI8?feature=oembed\" frameborder=\"0\" allow=\"accelerometer; autoplay; clipboard-write; encrypted-media; gyroscope; picture-in-picture; web-share\" referrerpolicy=\"strict-origin-when-cross-origin\" allowfullscreen><\/iframe><\/p>\n","protected":false},"excerpt":{"rendered":"<p>Ibiza Fecha del trabajo: Febrero de 2016 Descripci\u00f3n: El trabajo es un dise\u00f1o integral de 7Ha de l\u00ednea clave m\u00e1s captaci\u00f3n de agua por medio de caminos con poca pendiente [&hellip;]<\/p>\n","protected":false},"author":1,"featured_media":0,"parent":0,"menu_order":0,"comment_status":"closed","ping_status":"closed","template":"","meta":{"footnotes":""},"class_list":["post-1483","page","type-page","status-publish","czr-hentry"],"_links":{"self":[{"href":"http:\/\/www.lineaclave.org\/web\/wp-json\/wp\/v2\/pages\/1483","targetHints":{"allow":["GET"]}}],"collection":[{"href":"http:\/\/www.lineaclave.org\/web\/wp-json\/wp\/v2\/pages"}],"about":[{"href":"http:\/\/www.lineaclave.org\/web\/wp-json\/wp\/v2\/types\/page"}],"author":[{"embeddable":true,"href":"http:\/\/www.lineaclave.org\/web\/wp-json\/wp\/v2\/users\/1"}],"replies":[{"embeddable":true,"href":"http:\/\/www.lineaclave.org\/web\/wp-json\/wp\/v2\/comments?post=1483"}],"version-history":[{"count":15,"href":"http:\/\/www.lineaclave.org\/web\/wp-json\/wp\/v2\/pages\/1483\/revisions"}],"predecessor-version":[{"id":4857,"href":"http:\/\/www.lineaclave.org\/web\/wp-json\/wp\/v2\/pages\/1483\/revisions\/4857"}],"wp:attachment":[{"href":"http:\/\/www.lineaclave.org\/web\/wp-json\/wp\/v2\/media?parent=1483"}],"curies":[{"name":"wp","href":"https:\/\/api.w.org\/{rel}","templated":true}]}}