{"id":1855,"date":"2017-10-02T11:40:12","date_gmt":"2017-10-02T10:40:12","guid":{"rendered":"http:\/\/www.lineaclave.org\/web\/?page_id=1855"},"modified":"2017-10-02T16:20:08","modified_gmt":"2017-10-02T15:20:08","slug":"ibiza-presa-tierra-y-keyline","status":"publish","type":"page","link":"http:\/\/www.lineaclave.org\/web\/ibiza-presa-tierra-y-keyline\/","title":{"rendered":"Ibiza: Presa de tierra 1300m\u00b3"},"content":{"rendered":"<h1>Ibiza<img loading=\"lazy\" decoding=\"async\" class=\"wp-image-1853 aligncenter\" src=\"http:\/\/www.lineaclave.org\/web\/wp-content\/uploads\/2016\/04\/166-1600x1600.jpg\" alt=\"\" width=\"758\" height=\"758\" srcset=\"http:\/\/www.lineaclave.org\/web\/wp-content\/uploads\/2016\/04\/166-1600x1600.jpg 1600w, http:\/\/www.lineaclave.org\/web\/wp-content\/uploads\/2016\/04\/166-150x150.jpg 150w, http:\/\/www.lineaclave.org\/web\/wp-content\/uploads\/2016\/04\/166-300x300.jpg 300w, http:\/\/www.lineaclave.org\/web\/wp-content\/uploads\/2016\/04\/166.jpg 2048w\" sizes=\"auto, (max-width: 758px) 100vw, 758px\" \/><\/h1>\n<p><strong>Fecha del trabajo:<\/strong><\/p>\n<p>Febrero de 2016<\/p>\n<p><strong>Descripci\u00f3n:<\/strong><\/p>\n<p>El trabajo es un dise\u00f1o integral de 7Ha de l\u00ednea clave m\u00e1s captaci\u00f3n de agua por medio de caminos con poca pendiente para redirigirla hacia las presas proyectadas. En las fotos se pueden apreciar la construcci\u00f3n de una de las presas y una captura del dise\u00f1o maestro.<\/p>\n<p><strong>\r\n    <div id=\"amazingslider-wrapper-26\" style=\"display:block;position:relative;max-width:1024px;margin:0px auto 48px;\">\r\n        <div id=\"amazingslider-26\" style=\"display:block;position:relative;margin:0 auto;\">\r\n            <ul class=\"amazingslider-slides\" style=\"display:none;\">\r\n                <li><img decoding=\"async\" src=\"http:\/\/www.lineaclave.org\/web\/wp-content\/uploads\/amazingslider\/26\/images\/154.PNG\" alt=\"Dise\u00f1o\"  title=\"Dise\u00f1o\" \/>\r\n                <\/li>\r\n                <li><img decoding=\"async\" src=\"http:\/\/www.lineaclave.org\/web\/wp-content\/uploads\/amazingslider\/26\/images\/147.JPG\" alt=\"Marcaci\u00f3n keyline\"  title=\"Marcaci\u00f3n keyline\" \/>\r\n                <\/li>\r\n                <li><img decoding=\"async\" src=\"http:\/\/www.lineaclave.org\/web\/wp-content\/uploads\/amazingslider\/26\/images\/217.JPG\" alt=\"Comenzando el muro de la Presa\"  title=\"Comenzando el muro de la Presa\" \/>\r\n                <\/li>\r\n                <li><img decoding=\"async\" src=\"http:\/\/www.lineaclave.org\/web\/wp-content\/uploads\/amazingslider\/26\/images\/220.JPG\" alt=\"Comenzando el muro de la Presa\"  title=\"Comenzando el muro de la Presa\" \/>\r\n                <\/li>\r\n                <li><img decoding=\"async\" src=\"http:\/\/www.lineaclave.org\/web\/wp-content\/uploads\/amazingslider\/26\/images\/222.JPG\" alt=\"Comenzando el muro de la Presa\"  title=\"Comenzando el muro de la Presa\" \/>\r\n                <\/li>\r\n                <li><img decoding=\"async\" src=\"http:\/\/www.lineaclave.org\/web\/wp-content\/uploads\/amazingslider\/26\/images\/227.JPG\" alt=\"Comenzando el muro de la Presa\"  title=\"Comenzando el muro de la Presa\" \/>\r\n                <\/li>\r\n                <li><img decoding=\"async\" src=\"http:\/\/www.lineaclave.org\/web\/wp-content\/uploads\/amazingslider\/26\/images\/243.JPG\" alt=\"Comenzando el muro de la Presa\"  title=\"Comenzando el muro de la Presa\" \/>\r\n                <\/li>\r\n                <li><img decoding=\"async\" src=\"http:\/\/www.lineaclave.org\/web\/wp-content\/uploads\/amazingslider\/26\/images\/245.JPG\" alt=\"Comenzando el muro de la Presa\"  title=\"Comenzando el muro de la Presa\" \/>\r\n                <\/li>\r\n                <li><img decoding=\"async\" src=\"http:\/\/www.lineaclave.org\/web\/wp-content\/uploads\/amazingslider\/26\/images\/246.JPG\" alt=\"Realizando la Presa\"  title=\"Realizando la Presa\" \/>\r\n                <\/li>\r\n                <li><img decoding=\"async\" src=\"http:\/\/www.lineaclave.org\/web\/wp-content\/uploads\/amazingslider\/26\/images\/251.JPG\" alt=\"Realizando la Presa\"  title=\"Realizando la Presa\" \/>\r\n                <\/li>\r\n                <li><img decoding=\"async\" src=\"http:\/\/www.lineaclave.org\/web\/wp-content\/uploads\/amazingslider\/26\/images\/253.JPG\" alt=\"Realizando la Presa\"  title=\"Realizando la Presa\" \/>\r\n                <\/li>\r\n                <li><img decoding=\"async\" src=\"http:\/\/www.lineaclave.org\/web\/wp-content\/uploads\/amazingslider\/26\/images\/256.JPG\" alt=\"Realizando la Presa256\"  title=\"Realizando la Presa256\" \/>\r\n                <\/li>\r\n                <li><img decoding=\"async\" src=\"http:\/\/www.lineaclave.org\/web\/wp-content\/uploads\/amazingslider\/26\/images\/258.JPG\" alt=\"Realizando la Presa\"  title=\"Realizando la Presa\" \/>\r\n                <\/li>\r\n                <li><img decoding=\"async\" src=\"http:\/\/www.lineaclave.org\/web\/wp-content\/uploads\/amazingslider\/26\/images\/264.JPG\" alt=\"Maquinaria\"  title=\"Maquinaria\" \/>\r\n                <\/li>\r\n                <li><img decoding=\"async\" src=\"http:\/\/www.lineaclave.org\/web\/wp-content\/uploads\/amazingslider\/26\/images\/267.JPG\" alt=\"Realizando la Presa\"  title=\"Realizando la Presa\" \/>\r\n                <\/li>\r\n                <li><img decoding=\"async\" src=\"http:\/\/www.lineaclave.org\/web\/wp-content\/uploads\/amazingslider\/26\/images\/268.JPG\" alt=\"Realizando la Presa\"  title=\"Realizando la Presa\" \/>\r\n                <\/li>\r\n                <li><img decoding=\"async\" src=\"http:\/\/www.lineaclave.org\/web\/wp-content\/uploads\/amazingslider\/26\/images\/269.JPG\" alt=\"Realizando la Presa\"  title=\"Realizando la Presa\" \/>\r\n                <\/li>\r\n                <li><img decoding=\"async\" src=\"http:\/\/www.lineaclave.org\/web\/wp-content\/uploads\/amazingslider\/26\/images\/270.JPG\" alt=\"Realizando la Presa\"  title=\"Realizando la Presa\" \/>\r\n                <\/li>\r\n                <li><img decoding=\"async\" src=\"http:\/\/www.lineaclave.org\/web\/wp-content\/uploads\/amazingslider\/26\/images\/272.JPG\" alt=\"Realizando la Presa\"  title=\"Realizando la Presa\" \/>\r\n                <\/li>\r\n                <li><img decoding=\"async\" src=\"http:\/\/www.lineaclave.org\/web\/wp-content\/uploads\/amazingslider\/26\/images\/273.JPG\" alt=\"Realizando la Presa\"  title=\"Realizando la Presa\" \/>\r\n                <\/li>\r\n                <li><img decoding=\"async\" src=\"http:\/\/www.lineaclave.org\/web\/wp-content\/uploads\/amazingslider\/26\/images\/281.JPG\" alt=\"Realizando la Presa\"  title=\"Realizando la Presa\" \/>\r\n                <\/li>\r\n                <li><img decoding=\"async\" src=\"http:\/\/www.lineaclave.org\/web\/wp-content\/uploads\/amazingslider\/26\/images\/287.JPG\" alt=\"287Realizando la Presa\"  title=\"287Realizando la Presa\" \/>\r\n                <\/li>\r\n                <li><img decoding=\"async\" src=\"http:\/\/www.lineaclave.org\/web\/wp-content\/uploads\/amazingslider\/26\/images\/295.JPG\" alt=\"Realizando la Presa\"  title=\"Realizando la Presa\" \/>\r\n                <\/li>\r\n                <li><img decoding=\"async\" src=\"http:\/\/www.lineaclave.org\/web\/wp-content\/uploads\/amazingslider\/26\/images\/297.JPG\" alt=\"Realizando la Presa\"  title=\"Realizando la Presa\" \/>\r\n                <\/li>\r\n                <li><img decoding=\"async\" src=\"http:\/\/www.lineaclave.org\/web\/wp-content\/uploads\/amazingslider\/26\/images\/febrero%2016%20110.JPG\" alt=\"Realizando la Presa\"  title=\"Realizando la Presa\" \/>\r\n                <\/li>\r\n                <li><img decoding=\"async\" src=\"http:\/\/www.lineaclave.org\/web\/wp-content\/uploads\/amazingslider\/26\/images\/febrero%2016%20114.JPG\" alt=\"Realizando la Presa\"  title=\"Realizando la Presa\" \/>\r\n                <\/li>\r\n                <li><img decoding=\"async\" src=\"http:\/\/www.lineaclave.org\/web\/wp-content\/uploads\/amazingslider\/26\/images\/febrero%2016%20130.JPG\" alt=\"Realizando la Presa\"  title=\"Realizando la Presa\" \/>\r\n                <\/li>\r\n                <li><img decoding=\"async\" src=\"http:\/\/www.lineaclave.org\/web\/wp-content\/uploads\/amazingslider\/26\/images\/febrero%2016%20080.JPG\" alt=\"Realizando la Presa\"  title=\"Realizando la Presa\" \/>\r\n                <\/li>\r\n                <li><img decoding=\"async\" src=\"http:\/\/www.lineaclave.org\/web\/wp-content\/uploads\/amazingslider\/26\/images\/Ibiza2017%20%281%29.jpg\" alt=\"Presa LLena Junio 2017 !!\"  title=\"Presa LLena Junio 2017 !!\" \/>\r\n                <\/li>\r\n                <li><img decoding=\"async\" src=\"http:\/\/www.lineaclave.org\/web\/wp-content\/uploads\/amazingslider\/26\/images\/Ibiza2017%20%282%29.jpg\" alt=\"Presa LLena Junio 2017 !!\"  title=\"Presa LLena Junio 2017 !!\" \/>\r\n                <\/li>\r\n                <li><img decoding=\"async\" src=\"http:\/\/www.lineaclave.org\/web\/wp-content\/uploads\/amazingslider\/26\/images\/Ibiza2017%20%283%29.jpg\" alt=\"Presa LLena Junio 2017 !!\"  title=\"Presa LLena Junio 2017 !!\" \/>\r\n                <\/li>\r\n                <li><img decoding=\"async\" src=\"http:\/\/www.lineaclave.org\/web\/wp-content\/uploads\/amazingslider\/26\/images\/Ibiza2017%20%284%29.jpg\" alt=\"Presa LLena Junio 2017 !!\"  title=\"Presa LLena Junio 2017 !!\" \/>\r\n                <\/li>\r\n            <\/ul>\r\n        <\/div>\r\n    <\/div>\r\n    <link rel=\"stylesheet\" type=\"text\/css\" href=\"http:\/\/www.lineaclave.org\/web\/wp-content\/uploads\/amazingslider\/26\/sliderengine\/amazingslider.css\">\n<script src=\"http:\/\/www.lineaclave.org\/web\/wp-content\/uploads\/amazingslider\/26\/sliderengine\/initslider.js\"><\/script>\n<\/strong><\/p>\n<p>&nbsp;<\/p>\n<p>&nbsp;<\/p>\n","protected":false},"excerpt":{"rendered":"<p>Ibiza Fecha del trabajo: Febrero de 2016 Descripci\u00f3n: El trabajo es un dise\u00f1o integral de 7Ha de l\u00ednea clave m\u00e1s captaci\u00f3n de agua por medio de caminos con poca pendiente [&hellip;]<\/p>\n","protected":false},"author":1,"featured_media":0,"parent":0,"menu_order":0,"comment_status":"closed","ping_status":"closed","template":"","meta":{"footnotes":""},"class_list":["post-1855","page","type-page","status-publish","czr-hentry"],"_links":{"self":[{"href":"http:\/\/www.lineaclave.org\/web\/wp-json\/wp\/v2\/pages\/1855","targetHints":{"allow":["GET"]}}],"collection":[{"href":"http:\/\/www.lineaclave.org\/web\/wp-json\/wp\/v2\/pages"}],"about":[{"href":"http:\/\/www.lineaclave.org\/web\/wp-json\/wp\/v2\/types\/page"}],"author":[{"embeddable":true,"href":"http:\/\/www.lineaclave.org\/web\/wp-json\/wp\/v2\/users\/1"}],"replies":[{"embeddable":true,"href":"http:\/\/www.lineaclave.org\/web\/wp-json\/wp\/v2\/comments?post=1855"}],"version-history":[{"count":5,"href":"http:\/\/www.lineaclave.org\/web\/wp-json\/wp\/v2\/pages\/1855\/revisions"}],"predecessor-version":[{"id":1876,"href":"http:\/\/www.lineaclave.org\/web\/wp-json\/wp\/v2\/pages\/1855\/revisions\/1876"}],"wp:attachment":[{"href":"http:\/\/www.lineaclave.org\/web\/wp-json\/wp\/v2\/media?parent=1855"}],"curies":[{"name":"wp","href":"https:\/\/api.w.org\/{rel}","templated":true}]}}