{"id":985,"date":"2016-03-30T12:32:51","date_gmt":"2016-03-30T11:32:51","guid":{"rendered":"http:\/\/www.lineaclave.org\/wordpress\/?page_id=985"},"modified":"2016-04-01T10:19:52","modified_gmt":"2016-04-01T09:19:52","slug":"diseno-de-rotaciones-en-agricultura-ecologica-descarga","status":"publish","type":"page","link":"http:\/\/www.lineaclave.org\/web\/diseno-de-rotaciones-en-agricultura-ecologica-descarga\/","title":{"rendered":"Dise\u00f1o de Rotaciones en Agricultura Ecol\u00f3gica. Descarga"},"content":{"rendered":"<h1>Video demostrativo de funcionamiento<\/h1>\n<div>\n<p><iframe loading=\"lazy\" src=\"https:\/\/player.vimeo.com\/video\/6714856\" width=\"640\" height=\"576\" frameborder=\"0\" title=\"Programa de dise&ntilde;o de rotaciones en agricultura ecol&oacute;gica\" webkitallowfullscreen mozallowfullscreen allowfullscreen><\/iframe><\/p>\n<\/div>\n<h1>Manual del programa en formato pdf<\/h1>\n<p><a href=\"http:\/\/www.lineaclave.org\/wordpress\/wp-content\/uploads\/2016\/03\/PFM.pdf\" rel=\"\">Manual del programa<\/a><\/p>\n<p>&nbsp;<\/p>\n<h1>Notas a la instalaci\u00f3n<\/h1>\n<p>Nota: La instalaci\u00f3n consta de varias a la vez, en una de ellas probablemente os dir\u00e1 que hay un error en la instalaci\u00f3n al registrar mapwingis.ocx, y os da tres opciones: pulsad en la de omitir y continuad la instalaci\u00f3n, terminar\u00e1 sin problemas, es aconsejable, pero no indispensable reiniciar el ordenador.<\/p>\n<p>Os dejo debajo una captura de pantalla para que ve\u00e1is con qu\u00e9 os v\u00e1is a encontrar.<\/p>\n<p><img loading=\"lazy\" decoding=\"async\" class=\"aligncenter wp-image-987 size-full\" src=\"http:\/\/www.lineaclave.org\/web\/wp-content\/uploads\/2016\/03\/error.jpg\" alt=\"error\" width=\"630\" height=\"405\" srcset=\"http:\/\/www.lineaclave.org\/web\/wp-content\/uploads\/2016\/03\/error.jpg 630w, http:\/\/www.lineaclave.org\/web\/wp-content\/uploads\/2016\/03\/error-300x193.jpg 300w\" sizes=\"auto, (max-width: 630px) 100vw, 630px\" \/><\/p>\n<table border=\"1\">\n<caption>\u00a0<\/caption>\n<tbody>\n<tr>\n<td>\n<div><\/div>\n<div>Opci\u00f3n 1: <a href=\"http:\/\/www.lineaclave.org\/web\/wp-content\/uploads\/RotacionesHorticolas\/InstalarEcoRotaciones.exe\">Descargar EcoRotaciones<\/a><\/div>\n<\/td>\n<\/tr>\n<\/tbody>\n<\/table>\n<p>&nbsp;<\/p>\n<table border=\"1\">\n<caption>\u00a0<\/caption>\n<tbody>\n<tr>\n<td>\n<div><\/div>\n<div>Opci\u00f3n 2: Si no funcionara bien la op.1:<\/div>\n<div style=\"text-align: center;\"><a href=\"http:\/\/www.lineaclave.org\/web\/wp-content\/uploads\/RotacionesHorticolas\/DisenyoRotacionesPortable.exe\">Descargar EcoRotaciones (versi\u00f3n Portable) <\/a><\/div>\n<div><\/div>\n<div>* Ejecutad en modo administrador, por favor.<\/div>\n<div><\/div>\n<\/td>\n<\/tr>\n<\/tbody>\n<\/table>\n<p>&nbsp;<\/p>\n<p>&nbsp;<\/p>\n<p>Para instalarlo en windows superiores al XP, o sea, casi todos, se debe de usar el modo de compatibilidad. \u00bf que c\u00f3mo se activa?<\/p>\n<p>* Se tica con la tecla secundaria del rat\u00f3n en el icono de ecorotaciones y se tica propiedades. (sale un di\u00e1logo)<\/p>\n<p>* Se busca la pesta\u00f1a de compatibilidad<\/p>\n<p>* Activamos el modo \u00abejecutar este programa en modo de compatibilidad para:\u00bb Windows XP (Service Pack 3)<\/p>\n<p>* Opcional: modo de privilegio \u00abejecutar este programa en modo administrador\u00bb<\/p>\n<p>&nbsp;<\/p>\n<p><img loading=\"lazy\" decoding=\"async\" class=\"alignnone wp-image-989 size-full\" src=\"http:\/\/www.lineaclave.org\/web\/wp-content\/uploads\/2016\/03\/PropEcorotaciones.png\" alt=\"PropEcorotaciones\" width=\"461\" height=\"591\" srcset=\"http:\/\/www.lineaclave.org\/web\/wp-content\/uploads\/2016\/03\/PropEcorotaciones.png 461w, http:\/\/www.lineaclave.org\/web\/wp-content\/uploads\/2016\/03\/PropEcorotaciones-234x300.png 234w\" sizes=\"auto, (max-width: 461px) 100vw, 461px\" \/><\/p>\n<p>&nbsp;<\/p>\n<p>Nota de Jes\u00fas Ruiz: Soy consciente que el programa no es perfecto&#8230; es antiguo y no est\u00e1 actualizado a nuevas versiones de windows (vista, 7, etc. ) las bases de datos son mdb y est\u00e1n obsoletas. Hay que dedicarle mucho tiempo a transformar el programa a VB.NET del que ahora no dispongo&#8230;. \u00bfalg\u00fan programador que se quiera involucrar en este proyecto?<\/p>\n<p>&nbsp;<\/p>\n<p>Importante: Instaladlo en \u00abmodo administrador\u00bb (windows vista y 7) El modo administrador es cuando sobre el programa ejecutable d\u00e1is a la tecla secundaria del rat\u00f3n os sale una opci\u00f3n que pone: \u00abejecutar como administrador\u00bb<\/p>\n<p><strong>El programa se entrega \u00abtal cual\u00bb<\/strong>. No me hago responsable de los da\u00f1os ocasionales directos e indirectos que pudiera producir en su uso, instalaci\u00f3n o desinstalaci\u00f3n.<\/p>\n<pre><\/pre>\n","protected":false},"excerpt":{"rendered":"<p>Video demostrativo de funcionamiento Manual del programa en formato pdf Manual del programa &nbsp; Notas a la instalaci\u00f3n Nota: La instalaci\u00f3n consta de varias a la vez, en una de [&hellip;]<\/p>\n","protected":false},"author":1,"featured_media":0,"parent":0,"menu_order":0,"comment_status":"closed","ping_status":"closed","template":"","meta":{"footnotes":""},"class_list":["post-985","page","type-page","status-publish","czr-hentry"],"_links":{"self":[{"href":"http:\/\/www.lineaclave.org\/web\/wp-json\/wp\/v2\/pages\/985","targetHints":{"allow":["GET"]}}],"collection":[{"href":"http:\/\/www.lineaclave.org\/web\/wp-json\/wp\/v2\/pages"}],"about":[{"href":"http:\/\/www.lineaclave.org\/web\/wp-json\/wp\/v2\/types\/page"}],"author":[{"embeddable":true,"href":"http:\/\/www.lineaclave.org\/web\/wp-json\/wp\/v2\/users\/1"}],"replies":[{"embeddable":true,"href":"http:\/\/www.lineaclave.org\/web\/wp-json\/wp\/v2\/comments?post=985"}],"version-history":[{"count":3,"href":"http:\/\/www.lineaclave.org\/web\/wp-json\/wp\/v2\/pages\/985\/revisions"}],"predecessor-version":[{"id":1261,"href":"http:\/\/www.lineaclave.org\/web\/wp-json\/wp\/v2\/pages\/985\/revisions\/1261"}],"wp:attachment":[{"href":"http:\/\/www.lineaclave.org\/web\/wp-json\/wp\/v2\/media?parent=985"}],"curies":[{"name":"wp","href":"https:\/\/api.w.org\/{rel}","templated":true}]}}